11). Let p(j) = 4*j**3 - 3*j**2 - 2*j - 3. Let g(r) = -5*r**3 + 3*r**2 + 3*r + 3. Let i(k) = 3*g(k) + 4*p(k). Give i(f).
0
Let s(q) = q. Let t(k) = -4*k + 2. Let c(a) = 3*s(a) + t(a). Let y = 4 + -2. Suppose 0 = 5*d - y*d. What is c(d)?
2
Let m(f) = f - 12. Let y(s) = s**3 - 7*s**2 + 4. Let c be y(7). Suppose c*l - 31 = -7. Calculate m(l).
-6
Suppose 0*d - 6 = 2*d. Let g be 4 - ((-60)/d)/2. Let b(u) = -u**2 - 4*u + 5. Determine b(g).
-7
Let w = -8 - -14. Let y be 22/w - 2/(-6). Let k(a) be the third derivative of -a**4/24 - a**2. What is k(y)?
-4
Let t(y) = 0 - 4 + y**3 - y**3 + 6*y**2 - 2*y - y**3. Give t(6).
-16
Let x(f) be the first derivative of -f**4/4 - f**2/2 + 2*f - 1. Let y be x(0). Let m(a) = -4*a + 2. What is m(y)?
-6
Let b(f) be the third derivative of f**4/24 + 16*f**2. Calculate b(-4).
-4
Let f(v) be the second derivative of -v**5/120 - v**4/4 + 4*v**3/3 + 2*v. Let t(r) be the second derivative of f(r). Give t(-4).
-2
Let p(b) = 7*b**3 - 3*b**2 - 4*b - 3. Let m(s) = -15*s**3 + 6*s**2 + 8*s + 7. Let t(a) = -6*m(a) - 13*p(a). Give t(4).
-3
Let u(t) = -t + 2. Let b be 2 + 3 + -2 + 4. Give u(b).
-5
Let g(d) be the second derivative of -d**5/20 + d**4/3 + 2*d**3/3 + d. Let m be (-10)/(-3)*9/6. What is g(m)?
-5
Let r(j) be the first derivative of -1/3*j**3 - 2*j + 3/2*j**2 - 6. Determine r(2).
0
Let l(t) = -t + 10. Let m(z) = 3*z - 11. Let c be m(9). Suppose 12 + c = 4*o. Calculate l(o).
3
Let d(b) = 4*b**2 - 57*b - 4. Let p(k) = k**2 - 14*k - 1. Let h(r) = -2*d(r) + 9*p(r). Determine h(11).
-12
Let r(o) be the second derivative of 5*o**3/6 - o. Let p be 2/(2 - 10)*(-2 - -6). What is r(p)?
-5
Suppose -5*s = 5*i - 0*i + 30, 0 = -2*i + 4*s. Let j(t) = 4*t + 3. Let k(p) = 5*p + 4. Let c(b) = 3*j(b) - 2*k(b). Give c(i).
-7
Let q(s) be the third derivative of -s**5/15 + s**3/6 - 27*s**2 + 1. Determine q(3).
-35
Let r(c) be the third derivative of c**4/24 - c**3/6 + 10*c**2. Calculate r(-6).
-7
Suppose 10 = 4*h - b, 5*h + 2*b - 16 = 5*b. Suppose -6*z = -z - 4*u - 10, -z + u = -h. Let n(g) = g**3 - 3*g**2 + g - 1. Determine n(z).
-3
Let r(l) = -3*l - 1. Let u(y) = y. Let f = 0 - 1. Let k(n) = f*r(n) - 4*u(n). Let w(d) = 3*d - 4. Let p(t) = 2*k(t) + w(t). Calculate p(5).
3
Suppose 5*o + 58 = 5*i + 18, -2*i = 5*o - 30. Let c(q) = -q**2 + 10*q + 4. Determine c(i).
4
Let p(s) = 6*s**2 - 5*s - 1. Let g(c) = c**2 + c. Let v(q) = -6*g(q) - p(q). Determine v(1).
-12
Suppose 0 = c + s, 2*s - 5 = -5*c + 7. Let q = 13 - 17. Let n(t) = -t**2 - t + 1. Let d(p) = -p**3 + p**2 - 7*p + 3. Let k(z) = q*n(z) + d(z). What is k(c)?
3
Let j be 1*(-4 + 0 - -2). Let g be (j/(-6)*0)/1. Let h = g + 3. Let n(c) = -c**2 + 2*c + 2. Give n(h).
-1
Let y(f) = 2 - f + 7 - 6 + f**2. Let a be y(0). Suppose -15 = -5*c, -a*j + 10 = 4*c - 5. Let p(v) = 6*v**2 - v. What is p(j)?
5
Let c = 15 + -21. Let k(j) be the second derivative of 1/20*j**5 + 5/12*j**4 + 6*j + 0 + 2*j**2 - 5/6*j**3. Determine k(c).
-2
Let o(u) = -u - 2 + 5*u**2 - u**2 - 4*u - 3*u**2. Let b be (1 + -1)/(-2 + 3). Let l be 6 - (0 - 1)*b. Determine o(l).
4
Let k(i) = 3*i**2 - 3*i + 1. Let b = -50 - -52. Give k(b).
7
Let a be (-38)/10 - (-5)/(-25). Let o(n) = -3*n**2 + 6*n. Let h(y) = 8*y**2 - 17*y + 1. Let r(t) = 4*h(t) + 11*o(t). Calculate r(a).
-4
Let r = 0 - -2. Let l(a) be the first derivative of 1/2*a**4 - a**3 + 3 + 3/2*a**2 + 0*a. Give l(r).
10
Let s(x) be the third derivative of 6*x**2 - 2/3*x**3 + 0 - 1/60*x**5 - 1/4*x**4 + 0*x. Let v = -9 + 5. Calculate s(v).
4
Let s(m) = -7*m + 7. Let n(l) = -22*l + 22. Let i(k) = -5*n(k) + 16*s(k). Calculate i(2).
-2
Let r(q) = -7*q**2 + 11*q - 3. Let b(n) = 10*n**2 - 16*n + 4. Let v(a) = -5*b(a) - 7*r(a). Let c be v(4). Let f(l) = 2*l + 1. Determine f(c).
-5
Suppose -2*m + 6*m - 2*d + 2 = 0, -m + 12 = 2*d. Let n = 107 - 105. Let w(c) = 3*c**n - 2*c**2 + 5*c - c - m. Determine w(-5).
3
Let w(x) = x**3 - x**2. Let d(q) = -3*q**3 + q**2 - 3*q - 1. Let f(l) = -d(l) - 4*w(l). Let n be f(4). Let c(y) = 2*y**2 + 4*y. Calculate c(n).
6
Let w = 4 - 4. Let r(g) = w*g + 3 - 2*g + g. Suppose 2*v + v - 9 = 0. What is r(v)?
0
Let t(d) = -d**2 - 3*d - 4. Let m(z) = z**3 + 5*z**2 + 6*z + 5. Let v be m(-4). Calculate t(v).
-4
Let b = 8 + -3. Suppose 2*q + b = -2*o + 13, 0 = -4*o - 2*q + 14. Let l(i) = -3 - 2*i**2 + 2*i**o - 4*i**3 - i + i**2 + i**3. What is l(0)?
-3
Suppose 0 = 3*k + 2*k + h + 15, -h - 5 = 0. Let u(i) = -i**3 - 4*i**2 - 3*i - 1. Give u(k).
-3
Suppose 4*y - 16 = -0. Let p(x) = -x - x**2 + 0 + 4 + 2 + y*x. Give p(5).
-4
Suppose 0 = -f - 2*f + 12. Let k(t) = 2*t - 2 + t - 2. Calculate k(f).
8
Let x(v) = 3*v**2 + 6. Let w(f) = -2*f**2 - 5. Let j(u) = -4*w(u) - 3*x(u). Determine j(0).
2
Suppose -3*r + 12 = r. Let o be (r/5)/(3/15). Suppose -2 - 1 = -o*t. Let s(m) = -7*m**3 - 2*m**2 + m. What is s(t)?
-8
Let u(h) = -h + 2. Let d(r) = -2. Let g(w) = 2*d(w) + 2*u(w). Let b(j) = j + 1. Let v be b(-1). Suppose 3*z + 4*o + 11 + v = 0, 10 = -5*o. Give g(z).
2
Let p be 8/24 + 7/(-3). Let x(f) = -2*f**2 - 3*f - 3. Calculate x(p).
-5
Suppose -4 + 0 = -q. Suppose 6 = -4*b - z, q = 4*b - 3*z - z. Let d(t) = t + 1. Let m(o) = -4*o - 8. Let h(n) = b*m(n) - 5*d(n). What is h(0)?
3
Let i be 3/(0 - 9/(-6)). Suppose -i*k + 5*k - 12 = 0. Let y(g) be the first derivative of g**2/2 - g + 1. Calculate y(k).
3
Let h(j) = j + 3. Suppose -4*g + g - 3*y - 9 = 0, 2*g - 2*y - 6 = 0. Determine h(g).
3
Suppose 0 = -7*v + 5*v. Let x(u) = u. Let z be x(v). Let i(f) = 6*f - 4. Let r(t) = 5*t - 4. Let w(j) = 6*i(j) - 7*r(j). What is w(z)?
4
Let m = 10 - 10. Suppose 2*v = -3*x - 35, -60 = 3*x - 3*v - m*v. Let r be (-2 - 3)*(-12)/x. Let b(u) = -u**2 - 4*u + 5. What is b(r)?
5
Let w be 3*(2 + 12/(-9)). Let r(t) = 2*t - 1 + w + 2*t. Calculate r(2).
9
Suppose 52 = 5*k + 17. Let i(p) = p**2 - 7*p - 2. What is i(k)?
-2
Suppose -7 = 2*h + 9. Let d be 1/((-2)/h*-2). Let k(v) = -v**2 - 3*v - 1. Give k(d).
1
Let w(n) be the first derivative of n**3/6 - 2*n**2 - 2*n - 3. Let v(j) be the first derivative of w(j). What is v(6)?
2
Suppose -3*w - 3 = -4*i, 5*i - 3 = 3*w + 6*i. Let z(y) = -y. Let p be z(-3). Let d(j) = -j - j - 1 + p*j. Give d(w).
-2
Let d be (2/(-6))/(-1) + 18/27. Let s(y) = -5*y**3 - 2*y**2 + y. Give s(d).
-6
Let j(a) be the third derivative of -a**4/6 + 2*a**3/3 + 4*a**2. Let y = -4 + 7. Give j(y).
-8
Suppose 5*f - 33 = -43. Let a(t) = -t**3 + t**2 + 2*t + 3. Calculate a(f).
11
Let m = -1 - 1. Let i(q) = 7*q + 10. Let f(a) = 8*a + 11. Let h(w) = w**3 - w**2 - 3*w - 3. Let o be h(3). Let t(b) = o*f(b) - 7*i(b). Calculate t(m).
-2
Let f = -10 + 12. Let q(i) = -i**2 - 7*i + 11. Let v be q(-8). Let z(y) = -v*y - 2 + y + 0*y. Calculate z(f).
-6
Let n(s) = 3 + 13*s**2 - 13*s**2 - s**3. Let u = -3 - -3. Give n(u).
3
Let s be (-6)/15 - 68/60*-3. Let j(q) = -q**2 + 3*q + 1. Calculate j(s).
1
Let z = 6 - 6. Let d(i) = 2*i + z - 1 - 4*i**2 + 0*i**2. Let j be (2/3)/((-4)/(-6)). Give d(j).
-3
Let n be (-3)/(-3) + 2/1. Let c(z) = -z - n*z + 6 + 6*z. Let b be ((-4)/(-6))/(3/(-18)). Determine c(b).
-2
Let m(a) = a**3 - 8*a**2 + 12*a - 3. Let y be m(6). Let z(j) = -j + 2. Determine z(y).
5
Let d(l) = -3*l - 10. Suppose -2*i + 21 = -3*f - 14, 0 = -5*i + 20. Give d(f).
17
Let k(f) = -f - 2. Let b(t) be the second derivative of 7*t**5/20 + t**4/6 - t**3/6 - 2*t. Let z be b(1). Let h = z - 6. What is k(h)?
-4
Let d(s) be the first derivative of s**2 + 4*s - 14. What is d(-4)?
-4
Let v(y) = -y - 2. Let j be v(-3). Let f be (3 - -3) + 4/(-2). Let a(d) = f - 3 - 2*d - 2*d**2 + 9*d**2 + d**2. Calculate a(j).
7
Let m be 6/4 - (-7)/14. Suppose -k = -m*k. Let r(q) = 2 - 11*q + q**3 - 8 + 4*q + 3*q**2 + k. Give r(-4).
6
Let i(y) = y**2 - 5. Suppose 0 = 13*q - 8*q. Give i(q).
-5
Let r(x) = -x**3 - 4*x**2 + 6*x + 7. Suppose 2*q = 4*q + 10. Give r(q).
2
Let h(b) = 0 + 3 - 3 - 5 - b. Suppose -k = -2*k - 5. Determine h(k).
0
Let g be (3/3)/(2/6). Let j(k) = 5*k - 6. Let x(t) = 2*t - 3. Let c(i) = 3*j(i) - 7*x(i). Determine c(g).
6
Let a(x) = x**3 + x**2 - 4*x - 1. Let q be a(-3). Let d(t) = t**2 + 8*t + 6. Let s be d(q). Let c(n) = -n + 10 - 10 - 12*n**2. Give c(s).
-11
Let o(z) be the first derivative of -z**6/360 - z**5/24 + z**4/8 - z**3/3 - 1. Let h(s) be the third derivative of o(s). Determine h(-6).
-3
Suppose 0*s + 8 = 4*s 